- 48*x + 49. Calculate the remainder when q(o) is divided by h(0).
10
Let k be (-28 - -26)*(1 + -1 + -22). Let a(n) = -11*n + k + 3*n + 7*n. What is the remainder when a(15) is divided by 17?
12
Let n(z) = 18*z + 4. Let h = 27 + -25. Let p be n(h). Let r = -27 + p. Calculate the remainder when 36 is divided by r.
10
Let p be (-6)/(-69) - 136230/(-1311). Suppose -3*l - 25 = -271. Let a = p - l. Calculate the remainder when 78 is divided by a.
12
Suppose y + 2*w - 1 - 1 = 0, 15 = 5*w. Let b be y/((-1 + 2)*-1*1). Suppose 5*l = -4*x + 41, -x = -4*l + b*x + 41. What is the remainder when l is divided by 6?
3
Let u(y) = 111*y + 9. Let q be u(3). Suppose 28*o + q = 31*o. Calculate the remainder when o is divided by 29.
27
Suppose 9*p + 58 = 688. Suppose -p*h + 952 = -53*h. What is the remainder when 193 is divided by h?
25
Let g = -611 - -608. Calculate the remainder when 311 is divided by (-225)/(-50)*21/g*-2.
59
What is the remainder when (-2 + 1 - 0)/(7/(-511)) is divided by (836/66)/(1*2/6)?
35
Suppose c - t - 5 = 0, 3*c = -4*t - 3 - 3. Suppose -4*d = -20, -7*h - d - 10 = -c*h. Let f = 36 + h. What is the remainder when f is divided by 13?
7
Let a(g) = -g**3 - 94*g**2 - 84*g + 2884. Calculate the remainder when a(-93) is divided by 292.
3
Suppose -10 - 71 = -3*j. Let p be (72/(-14))/((-32)/448). Let i = 61 + p. Calculate the remainder when i is divided by j.
25
Suppose -5*y = -2*y + 6. Calculate the remainder when 5*1*(-60)/(-50) is divided by ((-1)/(-3))/(y/(-12)).
0
Suppose 0 = -107*i + 86*i + 210. Calculate the remainder when 127 is divided by i.
7
What is the remainder when (18/(-10) - (-347446)/170) + -1 is divided by 28?
25
Let q be 9764/44 - (-4)/44. Let m = 274 - q. Calculate the remainder when m is divided by 11.
8
Suppose 5*l - 3*f - 280 = 0, 9*f + 113 = 2*l + 8*f. Calculate the remainder when 931 is divided by l.
46
Let s(n) = 5*n - 77. Let c(z) = -6*z + 74. Let f be c(9). Calculate the remainder when 90 is divided by s(f).
21
Calculate the remainder when 982 is divided by (-43 + -17 - -14)*-2.
62
Let r(p) = -30*p + 15. Let m be r(5). Let w = 142 + m. Calculate the remainder when 158 is divided by w.
4
Let x(z) be the second derivative of z**4/12 + 2*z**3/3 - 8*z**2 - z. Suppose 0 = -290*a + 246*a + 176. What is the remainder when 141 is divided by x(a)?
13
Let v(y) = -30*y - 2024. Calculate the remainder when v(-78) is divided by 74.
20
Suppose -4521 = 43*x - 76*x. Calculate the remainder when 1914 is divided by x.
133
Let j = -5454 - -5734. What is the remainder when 604 is divided by j?
44
Let j = -202 + 190. Calculate the remainder when 449 is divided by (-490)/j - 4*(-8)/192.
39
Suppose -3*x - 7*v + 2*v = -383, 2*x = -3*v + 257. Let h = -203 - -231. Calculate the remainder when x is divided by h.
24
Suppose -1577 = -8*g + 2023. Calculate the remainder when g is divided by 2.
0
Suppose -457*j - 3 = -458*j, -5*z + 3*j + 13181 = 0. Calculate the remainder when z is divided by 15.
13
Let p(h) = -h**3 + 48*h**2 - 48*h + 105. Calculate the remainder when 191 is divided by p(47).
17
Let x = -154 - -186. Suppose -x*d - 144 = -44*d. What is the remainder when (-56)/(-21)*69/2 is divided by d?
8
Let s(v) = -v**2 - 5*v + 9. Let b be s(-6). Let r be (2/b)/(12/450). Let k = -6 + r. Calculate the remainder when k is divided by 4.
3
Let h(d) = 10*d**2 + d + 20. What is the remainder when h(-4) is divided by 45?
41
Suppose 2*l + 0*l = -5*d + 41, 3*d - 23 = -l. Suppose 16 - l = 8*z. What is the remainder when 9 is divided by z?
0
Let c = -26 - -44. Let s = -1155 - -1149. Let j(m) = m**3 + 8*m**2 + m + 57. Calculate the remainder when j(s) is divided by c.
15
Let g(j) = j**3 - 24*j**2 + 3*j - 6. Let q be g(24). Suppose -64*f + 70*f = q. What is the remainder when 75 is divided by f?
9
Suppose -105*k - 2106 = -111*k. Calculate the remainder when k is divided by 59.
56
Let s(n) = 52*n + 707. Calculate the remainder when 978 is divided by s(-13).
17
Let t(b) = -b**3 + 21*b**2 + 46*b + 14. Let h be t(23). Suppose -h*a - 316 = -18*a. What is the remainder when 392 is divided by a?
76
Suppose -2*t = 3*v - 1164, -19*v + 4*t - 388 = -20*v. What is the remainder when 2286 is divided by v?
346
Let s = -2247 + 2347. Let v be ((-79)/(-3))/((-2)/6). What is the remainder when s is divided by 1/(-3) + v/(-3)?
22
Let o(u) = -u**2 + 7*u - 7. Let d be o(-8). Let w = 140 + d. What is the remainder when 38 is divided by w?
12
Suppose -60 = -3*o + 5*y, 0*o = 5*o + 2*y - 131. Let p = -166 - -238. Calculate the remainder when p is divided by o.
22
What is the remainder when 130 is divided by (-11 - -22 - 16) + (2 - (-10 - 2))?
4
Let p = 200 - 271. Let s = p + 113. Calculate the remainder when s is divided by 16.
10
Let t be (-1 + 16 - 3)*1. Let p(x) = 4*x + 57. Calculate the remainder when p(t) is divided by 28.
21
Suppose -263 = -7*a + 1361. Calculate the remainder when a is divided by 39.
37
Suppose 31*g + 26*g = -143*g + 5600. Suppose -4*y + y - 2 = 4*i, -5*y - 11 = -i. Suppose d - 13 = -i. Calculate the remainder when g is divided by d.
4
What is the remainder when 8486 is divided by 14 + -43 + 10 + 32?
10
Suppose -19 = -3*l - 22, -5*a - 5*l = -55. What is the remainder when 4522 is divided by a?
10
Let s = 20 + -10. Suppose -2*p + 16 = 2*w, -2*p + s = 2*w + 3*w. What is the remainder when 149 is divided by p?
9
Suppose -4*h + 18856 = d, 11*h - 3*d - 4714 = 10*h. What is the remainder when h is divided by 20?
14
Suppose 0 = -13*r + 36 + 900. Let g = r + -53. Calculate the remainder when 69 is divided by g.
12
Suppose -255 = -3*o - 3*r, -59*o + 62*o + 2*r - 256 = 0. What is the remainder when 195 is divided by o?
23
Suppose -26*y = -5*y + 25*y - 184966. Calculate the remainder when y is divided by 9.
7
Suppose 343 = 2*d + 3*a, 848*d - 847*d - a = 164. What is the remainder when d is divided by 52?
11
Let u be -282*(-3)/6 - (0 + -3). Suppose u = 3*a + 3*y, -109 = -3*a - 5*y + 35. Calculate the remainder when 2/(-12) - (-1448)/a is divided by 8.
6
Suppose 3 = 16*h + 3. What is the remainder when 119 is divided by 22 + (h + -3)*2?
7
Let u(c) = -c**3 - 12*c**2 - 51*c + 2. What is the remainder when 921 is divided by u(-8)?
151
Suppose -4*i + 4827 + 6489 = 0. Calculate the remainder when i is divided by 10.
9
Calculate the remainder when 146 is divided by (-5434)/(-104) + -53 + (-2)/8*-199.
48
Suppose -5*q + 4*l + 1117 = 0, 2*l + 673 = 13*q - 10*q. What is the remainder when 434 is divided by q?
205
Suppose -2*g = 3*q - q - 40, 5*g - 2*q - 93 = 0. Suppose -8*m = -g + 11. What is the remainder when 8 is divided by (m + 9)/(8 - 6)?
3
Let k be 1*-2*((-1)/2 + -2). Suppose -5*n = -k, -n - 24 = -v - 4*n. What is the remainder when 99 is divided by v?
15
Suppose 0*g + 2*g - 1225 - 671 = 0. Calculate the remainder when g is divided by 34.
30
Suppose 167*f - 29254 = 22665 + 33919. Calculate the remainder when 2064 is divided by f.
8
Let y = 3033 - 2960. Calculate the remainder when y is divided by 26.
21
Suppose 35*a - 77*a + 25242 = 0. What is the remainder when a is divided by 28?
13
Suppose 32*i - 71 = -x + 27*i, -4*x - i + 113 = 0. What is the remainder when 2379 is divided by x?
13
Let b(l) be the second derivative of -l**4/12 - 2*l**3 + 6*l**2 + 2*l - 35. Calculate the remainder when b(-5) is divided by 21.
5
Suppose 0 = -50*z + 169200 + 590350. What is the remainder when z is divided by 24?
23
Let v(p) = 168*p**3 + p**2. Let y be v(1). Let g = y - 263. Let c = g - -140. What is the remainder when 182 is divided by c?
44
Suppose 8*w - 14334 + 13798 = 0. Calculate the remainder when 209 is divided by w.
8
Let f(q) = 8*q**2 - 7*q + 10. Let v be f(3). Suppose 7*u = v + 2. What is the remainder when 537 is divided by u?
6
Let z = 13420 + -13412. What is the remainder when 1113 is divided by z?
1
Let o(f) = 2*f**2 - 32*f + 181. Calculate the remainder when o(16) is divided by 107.
74
Let j(o) = o**3 - 67*o**2 - 138*o + 80. What is the remainder when 1836 is divided by j(69)?
76
Let d(h) = -5*h + 13. Let u be d(14). Let k be (-3)/9*u + -1. What is the remainder when 342/k + 4/1 is divided by 3?
2
Suppose z = -3*g + 21, 95 - 19 = 3*z - 4*g. What is the remainder when 138 is divided by 24 + -3*z/(-18)?
26
Suppose -283*i = -278*i - 200. What is the remainder when 41 is divided b